15 = 0. Suppose -o = -v*c + 3. What is the units digit of c?
9
Let x(n) = n**3 + 7*n**2 - 9*n - 4. Let a be x(-8). Suppose 0 = 5*q - a*s - 93 - 0, -q + 6 = -5*s. What is the tens digit of q?
2
Suppose 0 = 3*r - 5*w + 17, 0 = w - 1. Suppose 2*f - 6 = -3*x, 11 = -f + 3*x - 4. What is the tens digit of 102/8 - f/r?
1
Suppose 2 = 2*o, 2*x + 3*x - 5*o - 515 = 0. What is the units digit of x?
4
Let k be 3/((9/(-6))/1). What is the units digit of 12 + -6 + k + 0?
4
Let n(l) = 44*l**2 + l. What is the units digit of n(-1)?
3
Let f(d) = -d**2 + 6*d - 1. Let n be f(5). Suppose 5*o = -n*q - 3 + 18, -2*o + 4*q = -6. What is the units digit of o?
3
Suppose -5*g + 22 = -8. Suppose g = -3*t, 3*t + 8 = 2*z - 14. Let k = -5 + z. What is the units digit of k?
3
Suppose 178 = 8*u - 94. What is the units digit of u?
4
Suppose 0*q + 3*q - 21 = 0. Suppose 2*r = q*r - 10. What is the units digit of r?
2
Let f = 53 - 36. Suppose -4*k = -4, -u + f = -0*u + 4*k. What is the tens digit of u?
1
Let x(v) = -v**2 + 6*v + 9. What is the units digit of x(7)?
2
Suppose 0 = -4*w + 16, 4*w = 3*b + 2*w - 853. What is the tens digit of b?
8
Suppose 2 + 12 = 4*j - 2*s, -4*j = 4*s - 44. Let i be (-5 + j)/((-2)/(-2)). Suppose -2*w + 3*w = i. What is the units digit of w?
1
Suppose 5*o = m - 5, 4*o + 5*m = o + 25. Suppose -2*h + h + 6 = o. Suppose x + x = h. What is the units digit of x?
3
Suppose -3*j = -3*i + 18, 24 = j - 3*j - 4*i. What is the tens digit of 75/2 + (-12)/j?
3
What is the units digit of (-41)/(-5) - 4/20?
8
What is the units digit of (1/3)/((-8)/(-336))?
4
Let x(o) = -2*o**3 + o**3 + 3*o**2 - o - 4 + 3. Let z(l) = -l**3 + 2*l**2 - l - 2. Let c(q) = 2*x(q) - 3*z(q). What is the units digit of c(0)?
4
Let c be ((-2)/3)/((-1)/(-3)). Suppose 0*r - 3*r - 15 = 0, -2*i + 5*r = -35. Let k = i + c. What is the units digit of k?
3
Let f = 133 - 57. What is the tens digit of f?
7
Suppose 2*z + 3*f - 9 + 27 = 0, 2*z = -2*f - 14. What is the units digit of 7 - (-1 - -2) - z?
9
Let z be (76/(-10))/((-1)/5). Suppose y - z + 6 = 2*p, -4*p + 14 = y. What is the units digit of y?
6
Let h(p) = -p - 13. Let k be h(-14). Suppose -2*m - m = 0. Let f = m + k. What is the units digit of f?
1
Suppose -16 = -4*c + w + 3*w, 0 = 5*c + 3*w - 20. Let n = c + 6. Suppose 5*y + 5*s - n = -0*y, -s = 2. What is the units digit of y?
4
Let g = 97 + -53. What is the tens digit of g?
4
Let l be 45/12 - (-2)/8. Suppose l*j + 4 = -4*f, 0 = -4*j - f - 0*f + 8. Suppose 12 = 3*q - j. What is the units digit of q?
5
Let y be 4/(-6) + 16/6. Let d(g) = -3*g**2 + g**3 + g**y - g + 6 - 3*g**2. What is the units digit of d(5)?
1
Let y be ((-4)/(-6))/((-6)/(-45)). Suppose 6*f + y = f. Let c = 9 + f. What is the units digit of c?
8
Let u(z) = -3*z**2 - 2*z - 3. Let f be u(-2). Let v = -5 - f. What is the units digit of v?
6
Suppose -5*q + 2*p = -0*p + 11, q + 5*p + 13 = 0. What is the units digit of (q/(-9))/1*3?
1
Suppose -40 = 4*n - p + 124, -24 = n + 4*p. Let m be ((-6)/5)/(12/n). Suppose -3*u - 5*g - 6 = 0, 5*u + 0*u = m*g + 27. What is the units digit of u?
3
Let i = 6 + 98. What is the hundreds digit of i?
1
Suppose 4*c - 108 = -4*t, t - 2*c = -0*c + 36. Let g be ((-4)/6)/((-4)/t). Suppose 18 = 2*i - 4*q, -5*q = -2*i + 12 + g. What is the tens digit of i?
1
Let u = -7 - -8. What is the units digit of u?
1
Let b(u) = -3*u**3 + u**2 - 4*u + 3. What is the hundreds digit of b(-3)?
1
Suppose w + 4*k + 10 = -0*w, -3*w - 2*k - 10 = 0. What is the tens digit of (-3)/((-6)/(-13))*w?
1
Let h(p) = 4*p - 5. Let j be h(5). Suppose j = 2*c - 5. What is the tens digit of c?
1
Let c(s) = -22*s**3 - 5*s**2 + 5*s - 3. Let r(m) = 22*m**3 + 6*m**2 - 6*m + 4. Let t(f) = 5*c(f) + 4*r(f). What is the units digit of t(-1)?
1
Suppose w - 4 - 4 = -h, -2*h + 28 = 3*w. Let l = -1 + w. Let m = l - -4. What is the tens digit of m?
1
Let o = 160 + -100. Suppose 3*f + 4*q = o, -5*q - 6 = f - 37. What is the tens digit of f?
1
Suppose 73 = 5*x - 2*y - 157, 2*y - 166 = -4*x. What is the tens digit of x?
4
Suppose 3*g - 73 = 2. Let c = g - 13. What is the tens digit of c?
1
Let w = 3 - 3. Suppose 4*u + 2*f = 182, w = -2*f - 15 + 5. Suppose -5*i = -i - u. What is the tens digit of i?
1
Let p(c) = c + 15. Let h be p(-11). Suppose -4*x = -5*b - 0*x - 156, 16 = h*x. Let z = b - -45. What is the units digit of z?
7
Let m be (-80)/24*15/(-2). Let g be 3 + m/1 + 2. Suppose 2*z = 7*z - g. What is the units digit of z?
6
Let m(o) = -o + 7. Let n be m(5). Let r = 16 - n. What is the units digit of r?
4
What is the tens digit of (-3)/12 + 1960/32?
6
Suppose 70 = 4*b + 5*g, -78 = -3*b + 3*g - 12. Suppose t = 5*t - b. What is the units digit of t?
5
Suppose t + 3 = 0, -p + 13 = -2*p - 5*t. Let n be p/6*0 - 10. Let h(q) = -2*q - 15. What is the units digit of h(n)?
5
Suppose -5*h + 280 = -5*g, -2*h + 4*g + 164 = h. What is the tens digit of h?
6
Suppose -k - 139 = -2*l + 2*k, 5*l = -3*k + 379. What is the tens digit of l?
7
Let b(g) = 3*g**2 + 4*g. What is the units digit of b(4)?
4
Let r(i) = i**2 - 10*i - 5. Suppose 0*d = 4*d - 20. Let p be r(d). What is the units digit of (18/(-15))/(4/p)?
9
Suppose 1 = q - 3. What is the units digit of q?
4
Let g = -4 + 39. Suppose -3*a - g = -5. Let n = a + 19. What is the units digit of n?
9
Let k(l) = 13*l + 1. Suppose r + 8 = 5*r. Suppose p - r = -1. What is the tens digit of k(p)?
1
Suppose -5*f + 39 = -2*f. Let j = 20 - f. What is the units digit of j?
7
Suppose -2*y + 16 = 3*u, 3*u = 4*y - 2*y + 8. Suppose y*p - 4 = 4*p. Let l = p + 13. What is the units digit of l?
1
Suppose -4*p + 10 + 6 = 0. Suppose -3*f - 20 = -5*f + p*u, -11 = -2*f + u. Suppose f*s = -3 + 39. What is the units digit of s?
9
Let d(x) = x - 2. What is the units digit of d(10)?
8
Suppose 4*d + 3 = 4*l + 7, -4*d - 5*l + 49 = 0. Suppose -d*w = -w - 10. What is the units digit of w?
2
What is the tens digit of (-45 - (-5 + 1))*-1?
4
What is the tens digit of (-56)/(-6) + 6/9?
1
Let t = 278 - 194. Suppose z - 9 = -3*r, -2*z = -6*z + 4*r + t. What is the tens digit of z?
1
Suppose -x - a + 121 = 2*x, 2*a + 4 = 0. Let o = x - 25. What is the units digit of o?
6
Let g be (-1)/3*(0 + -15). Suppose -g*o + 12 = -o. Suppose o*l = -l + 4. What is the units digit of l?
1
Let b = 24 - 22. What is the tens digit of b - -1 - (-45 - -9)?
3
Let x(s) = s**3 + s**2 + 3. Let r be x(0). Suppose -2*q = -b - 16, 2*q - 27 + r = 3*b. What is the units digit of q?
6
Let d(t) = -10*t**2 - 2*t - 1. Let i be d(-1). Let a = 3 - i. What is the units digit of a?
2
Suppose 0 = 9*k - 31*k + 6138. What is the hundreds digit of k?
2
Let z be -2 + 7 + -2 + 3. Suppose -28 = 2*b - z*b. What is the units digit of b?
7
Suppose -3*x = -4*c - 0*x + 20, 0 = 4*c + x - 20. Suppose -c*s = -v - 20, -2*s + 0*v = -3*v - 8. What is the units digit of s?
4
Let b be -3 + (11 - 3) - 2. Suppose -84 + 15 = -b*o. What is the tens digit of o?
2
Suppose 260 = 4*t + 5*x - 4*x, 3*x = 2*t - 130. What is the tens digit of t?
6
Let u(l) = 1 + 4*l**2 - 2*l**2 - 3. What is the units digit of u(3)?
6
Let q(j) = 4*j + 8. Let n be q(7). Let m = n + -20. What is the tens digit of m?
1
What is the units digit of 33 - (8/4 - 2)?
3
Suppose y = 2 + 6. What is the units digit of 12/y*12/2?
9
Let j = -73 - -113. Suppose -6*h + j = -h. Let y = h + -2. What is the units digit of y?
6
Suppose -x = p + 4*p - 225, 93 = 2*p + x. What is the units digit of p?
4
Suppose 0*n - 7 = -2*w - 5*n, -3*w + 4*n - 24 = 0. Let z(s) = s**2 + 3*s + 1. Let v be z(w). Suppose 18 = -3*x + v*x. What is the units digit of x?
9
Let f = -14 - -23. Suppose f*i = 8*i + 6. What is the tens digit of (4 - -8)*9/i?
1
Suppose x - v = -2*x + 560, v + 748 = 4*x. Suppose 3*a - 191 = -a + k, -x = -4*a + 4*k. What is the units digit of a?
8
What is the units digit of (13 + -74)/(2 + -3)?
1
What is the tens digit of (-1*19)/(6 - 7)?
1
Let g(q) = 2*q**2 - 11*q - 4. Let x(y) = y + 18. Let f be x(-10). What is the units digit of g(f)?
6
Let k(y) = 7*y + 1. Let i be k(-1). Let w(p) be the first derivative of -p**4/4 - 2*p**3 - p**2/2 - 3*p + 1. What is the units digit of w(i)?
3
Suppose -23 = 6*a - 161. What is the units digit of a?
3
Suppose 0 = -2*f + n + 76 + 21, -3*f = 2*n - 128. What is the tens digit of f?
4
Suppose 3*h - 38 = 4*c, 0*h + 40 = 3*h - 5*c.